{"id":169,"date":"2023-05-22T18:31:41","date_gmt":"2023-05-22T18:31:41","guid":{"rendered":"http:\/\/www.facilita.al.gov.br\/?page_id=169"},"modified":"2026-02-04T19:09:10","modified_gmt":"2026-02-04T19:09:10","slug":"certidao","status":"publish","type":"page","link":"https:\/\/deve-nove.facilita.al.gov.br\/home\/certidao\/","title":{"rendered":"Certid\u00f5es"},"content":{"rendered":"","protected":false},"excerpt":{"rendered":"","protected":false},"author":1,"featured_media":0,"parent":0,"menu_order":0,"comment_status":"closed","ping_status":"closed","template":"template-parts\/page-junta-comercial.php","meta":{"_acf_changed":false,"footnotes":""},"class_list":["post-169","page","type-page","status-publish","hentry"],"acf":{"servicos":[{"titulo":"Acompanhar Certid\u00e3o","conteudo":"Exibe o status da certid\u00e3o.","btn":"https:\/\/%s.facilita.al.gov.br\/certidao-online\/lista-solicitacao","parametros":"","method":"GET","mensagem_modal":"","acesso":["visivel_todos"]},{"titulo":"Certid\u00e3o Simplificada","conteudo":"Constitui-se de extrato de informa\u00e7\u00f5es atualizadas sintetizadas sobre a situa\u00e7\u00e3o atual de uma empresa, quais sejam: nome empresarial, natureza jur\u00eddica, N\u00famero de registro, CNPJ, data de arquivamento do ato constitutivo, data de in\u00edcio de atividade, endere\u00e7o, objeto social, capital social, porte (ME ou EPP), dados do \u00faltimo arquivamento, situa\u00e7\u00e3o (se ativa ou inativa) e dados b\u00e1sicos do empres\u00e1rio ou s\u00f3cio(s).","btn":"https:\/\/%s.facilita.al.gov.br\/s\/consultaprevia\/prepare-primeiro-passo\/","parametros":"{'tipo_empresa':'mf','tipo_evento':'cs','evento[]':'650'}","method":"POST","mensagem_modal":"","acesso":["visivel_todos"]},{"titulo":"Certid\u00e3o Espec\u00edfica de Participa\u00e7\u00e3o Societ\u00e1ria de Pessoa Jur\u00eddica em Sociedade (exceto S.A e Cooperativas)","conteudo":"Certifica se determinada empresa j\u00e1 fez ou faz parte do quadro societ\u00e1rio de outra(s) empresa(s) perante a junta comercial.","btn":"https:\/\/%s.facilita.al.gov.br\/s\/consultaprevia\/prepare-primeiro-passo\/","parametros":"{'tipo_empresa':'mf','tipo_evento':'cepj','evento[]':'652'}","method":"POST","mensagem_modal":"","acesso":["visivel_todos"]},{"titulo":"Certid\u00e3o Espec\u00edfica de Exist\u00eancia de Empresa Registrada na Junta Comercial (hist\u00f3rico de ato arquivado)","conteudo":"Certifica se determinada empresa j\u00e1 fez ou faz parte do quadro societ\u00e1rio de outra(s) empresa(s) perante a junta comercial.","btn":"https:\/\/%s.facilita.al.gov.br\/s\/consultaprevia\/prepare-primeiro-passo\/","parametros":"{'tipo_empresa':'mf','tipo_evento':'historico','evento[]':'653'}","method":"POST","mensagem_modal":"","acesso":["visivel_todos"]},{"titulo":"Certid\u00e3o Espec\u00edfica a Definir Relato","conteudo":"Certifica se determinada empresa j\u00e1 fez ou faz parte do quadro societ\u00e1rio de outra(s) empresa(s) perante a junta comercial.","btn":"https:\/\/%s.facilita.al.gov.br\/certidao-online\/definir?tipo_evento=definir&evento[]=654","parametros":"","method":"POST","mensagem_modal":"","acesso":["visivel_todos"]},{"titulo":"Certid\u00e3o Espec\u00edfica de Livros","conteudo":"Constitui-se de relat\u00f3rio do(s) livro(s) autenticado(s) pela empresa na Junta Comercial.","btn":"https:\/\/%s.facilita.al.gov.br\/certidao-online\/livro","parametros":"","method":"POST","mensagem_modal":"","acesso":["visivel_todos"]},{"titulo":"Certid\u00e3o Espec\u00edfica Armaz\u00e9ns Gerais","conteudo":"Trata-se de informa\u00e7\u00f5es cadastrais de empresas de Armaz\u00e9ns Gerais.","btn":"https:\/\/%s.facilita.al.gov.br\/certidao-online\/armazem","parametros":"","method":"POST","mensagem_modal":"","acesso":["visivel_todos"]},{"titulo":"Certid\u00e3o Espec\u00edfica Exist\u00eancia de Empresas em Nome de Pessoas F\u00edsicas e\/ou Participa\u00e7\u00e3o de Empresas","conteudo":"Certifica as empresas que determinada pessoa f\u00edsica (CPF) fez ou faz parte do quadro societ\u00e1rio (QSA), perante a Junta Comercial.","btn":"https:\/\/%s.facilita.al.gov.br\/s\/consultaprevia\/prepare-primeiro-passo\/","parametros":"{'tipo_empresa':'mf','tipo_evento':'cepf','evento[]':'651'}","method":"POST","mensagem_modal":"","acesso":["visivel_todos"]},{"titulo":"Certid\u00e3o Espec\u00edfica da Linha do Tempo do Quadro de S\u00f3cios e Administradores","conteudo":"Certifica as empresas que determinada pessoa f\u00edsica (CPF) fez ou faz parte do quadro societ\u00e1rio (QSA), perante a Junta Comercial.","btn":"https:\/\/%s.facilita.al.gov.br\/s\/consultaprevia\/prepare-primeiro-passo\/","parametros":"{'tipo_empresa':'mf','tipo_evento':'celt','evento[]':'648'}","method":"POST","mensagem_modal":"","acesso":["visivel_todos"]},{"titulo":"Certid\u00e3o Espec\u00edfica de Leiloeiro","conteudo":"Constitui-se de relato descritivo de arquivamentos relativos ao Leiloeiro. Na certid\u00e3o ser\u00e3o certificadas as informa\u00e7\u00f5es constantes do pedido apresentado pelo requerente.","btn":"https:\/\/%s.facilita.al.gov.br\/certidao-online\/leiloeiro-pregoeiro","parametros":"","method":"POST","mensagem_modal":"","acesso":["visivel_todos"]},{"titulo":"Certid\u00e3o Matr\u00edcula de Leiloeiro","conteudo":"Certifica a situa\u00e7\u00e3o do Leiloeiro perante a Junta Comercial.","btn":"https:\/\/%s.facilita.al.gov.br\/certidao-online\/matricula-leiloeiro","parametros":"{'evento[]':'650'}","method":"GET","mensagem_modal":"","acesso":""},{"titulo":"Certid\u00e3o Espec\u00edfica de Tradutor","conteudo":"Trata-se de certid\u00e3o que certifica a situa\u00e7\u00e3o do Tradutor perante a Junta Comercial","btn":"https:\/\/%s.facilita.al.gov.br\/certidao-online\/tradutor","parametros":"","method":"POST","mensagem_modal":"","acesso":["visivel_todos"]},{"titulo":"Certid\u00e3o Espec\u00edfica de \u00d4nus","conteudo":"Certifica a situa\u00e7\u00e3o do Leiloeiro perante a Junta Comercial.","btn":"https:\/\/%s.facilita.al.gov.br\/s\/consultaprevia\/prepare-primeiro-passo\/","parametros":"{'tipo_empresa':'mf','tipo_evento':'ceo','evento[]':'649'}","method":"POST","mensagem_modal":"","acesso":["visivel_todos"]},{"titulo":"Certid\u00e3o Inteiro Teor ","conteudo":"Certifica a situa\u00e7\u00e3o do Leiloeiro perante a Junta Comercial.","btn":"https:\/\/%s.facilita.al.gov.br\/certidao-online\/inteiro-teor?tipo_evento=cs&evento[]=655","parametros":"{'tipo_evento':'cs','evento[]':'655'}","method":"GET","mensagem_modal":"","acesso":["visivel_todos"]},{"titulo":"Certid\u00e3o de Escritura de Constitui\u00e7\u00e3o","conteudo":"Certid\u00e3o de Escritura de Constitui\u00e7\u00e3o.","btn":"https:\/\/%s.facilita.al.gov.br\/evento-exclusivo\/capa-processo\/","parametros":"{'eventos-junta':'menu-certidao','tp-evento':'cpp','ato-siarco[]':'{004}','evento-siarco':'004','evento-redesim':'953'}","method":"GET","mensagem_modal":"","acesso":""}]},"_links":{"self":[{"href":"https:\/\/deve-nove.facilita.al.gov.br\/home\/wp-json\/wp\/v2\/pages\/169","targetHints":{"allow":["GET"]}}],"collection":[{"href":"https:\/\/deve-nove.facilita.al.gov.br\/home\/wp-json\/wp\/v2\/pages"}],"about":[{"href":"https:\/\/deve-nove.facilita.al.gov.br\/home\/wp-json\/wp\/v2\/types\/page"}],"author":[{"embeddable":true,"href":"https:\/\/deve-nove.facilita.al.gov.br\/home\/wp-json\/wp\/v2\/users\/1"}],"replies":[{"embeddable":true,"href":"https:\/\/deve-nove.facilita.al.gov.br\/home\/wp-json\/wp\/v2\/comments?post=169"}],"version-history":[{"count":5,"href":"https:\/\/deve-nove.facilita.al.gov.br\/home\/wp-json\/wp\/v2\/pages\/169\/revisions"}],"predecessor-version":[{"id":2427,"href":"https:\/\/deve-nove.facilita.al.gov.br\/home\/wp-json\/wp\/v2\/pages\/169\/revisions\/2427"}],"wp:attachment":[{"href":"https:\/\/deve-nove.facilita.al.gov.br\/home\/wp-json\/wp\/v2\/media?parent=169"}],"curies":[{"name":"wp","href":"https:\/\/api.w.org\/{rel}","templated":true}]}}