{"id":2549,"date":"2026-03-20T20:57:04","date_gmt":"2026-03-20T20:57:04","guid":{"rendered":"https:\/\/deve-oito.facilita.al.gov.br\/home\/?page_id=2549"},"modified":"2026-03-20T20:57:04","modified_gmt":"2026-03-20T20:57:04","slug":"arapiraca","status":"publish","type":"page","link":"https:\/\/deve-nove.facilita.al.gov.br\/home\/arapiraca\/","title":{"rendered":"Arapiraca"},"content":{"rendered":"","protected":false},"excerpt":{"rendered":"","protected":false},"author":1,"featured_media":0,"parent":0,"menu_order":0,"comment_status":"closed","ping_status":"closed","template":"template-parts\/page-junta-comercial.php","meta":{"_acf_changed":false,"footnotes":""},"class_list":["post-2549","page","type-page","status-publish","hentry"],"acf":{"servicos":[{"titulo":"Certificado de An\u00e1lise de Projeto","conteudo":"","btn":"https:\/\/%s.facilita.al.gov.br\/workflow-service\/prepare\/primeiro-passo","parametros":"{'orgao':34293,'tipo_solicitacao':17,'evento':1807,'is_fluxo_legado':true,'perfil_entidade':104318}\r\n","method":"POST_JSON","mensagem_modal":"","acesso":["visivel_deve"]},{"titulo":"Alvar\u00e1 Sanit\u00e1rio","conteudo":"","btn":"https:\/\/%s.facilita.al.gov.br\/workflow-service\/prepare\/primeiro-passo","parametros":"{'orgao':4429,'tipo_solicitacao':17,'evento':1808,'is_fluxo_legado':true,'perfil_entidade':104318}\r\n","method":"POST_JSON","mensagem_modal":"","acesso":["visivel_deve"]},{"titulo":"Renova\u00e7\u00e3o do Alvar\u00e1 Sanit\u00e1rio","conteudo":"","btn":"https:\/\/%s.facilita.al.gov.br\/workflow-service\/prepare\/primeiro-passo","parametros":"{'orgao':4429,'tipo_solicitacao':9,'evento':1200,'is_fluxo_legado':false,'perfil_entidade':104318}\r\n","method":"POST_JSON","mensagem_modal":"","acesso":["visivel_deve"]},{"titulo":"Baixa de Respons\u00e1vel T\u00e9cnico","conteudo":"","btn":"https:\/\/%s.facilita.al.gov.br\/workflow-service\/prepare\/primeiro-passo","parametros":"{'orgao':4429,'tipo_solicitacao':11,'evento':1814,'is_fluxo_legado':false,'perfil_entidade':104318}\r\n","method":"POST_JSON","mensagem_modal":"","acesso":["visivel_deve"]},{"titulo":"Altera\u00e7\u00e3o de Respons\u00e1vel T\u00e9cnico","conteudo":"","btn":"https:\/\/%s.facilita.al.gov.br\/workflow-service\/prepare\/primeiro-passo","parametros":"{'orgao':4429,'tipo_solicitacao':17,'evento':1216,'is_fluxo_legado':false,'perfil_entidade':104318}\r\n","method":"POST_JSON","mensagem_modal":"","acesso":["visivel_deve"]}]},"_links":{"self":[{"href":"https:\/\/deve-nove.facilita.al.gov.br\/home\/wp-json\/wp\/v2\/pages\/2549","targetHints":{"allow":["GET"]}}],"collection":[{"href":"https:\/\/deve-nove.facilita.al.gov.br\/home\/wp-json\/wp\/v2\/pages"}],"about":[{"href":"https:\/\/deve-nove.facilita.al.gov.br\/home\/wp-json\/wp\/v2\/types\/page"}],"author":[{"embeddable":true,"href":"https:\/\/deve-nove.facilita.al.gov.br\/home\/wp-json\/wp\/v2\/users\/1"}],"replies":[{"embeddable":true,"href":"https:\/\/deve-nove.facilita.al.gov.br\/home\/wp-json\/wp\/v2\/comments?post=2549"}],"version-history":[{"count":1,"href":"https:\/\/deve-nove.facilita.al.gov.br\/home\/wp-json\/wp\/v2\/pages\/2549\/revisions"}],"predecessor-version":[{"id":2550,"href":"https:\/\/deve-nove.facilita.al.gov.br\/home\/wp-json\/wp\/v2\/pages\/2549\/revisions\/2550"}],"wp:attachment":[{"href":"https:\/\/deve-nove.facilita.al.gov.br\/home\/wp-json\/wp\/v2\/media?parent=2549"}],"curies":[{"name":"wp","href":"https:\/\/api.w.org\/{rel}","templated":true}]}}